et j be (g/(-6))/((-2)/114). Let f = -27 + j. What is the tens digit of f?
6
Let a = 22547 - -13861. What is the ten thousands digit of a?
3
Suppose -368 = -2*q - 3*p, 3*q = -2*p + 5*p + 552. What is the tens digit of (q - (-3 - -2)) + 2/(-1)?
8
Let r = -12159 + 12352. Suppose 3*g + 3 = 2*p + 16, 0 = -2*g + p + 7. Let s = g + r. What is the units digit of s?
4
Let k(r) = 6*r**2 + 9*r + 14. Suppose -8*z - 3*z = 55. What is the units digit of k(z)?
9
Let d = 929 - 446. Let r = d - -191. What is the tens digit of r?
7
Let m = -158 + 161. Suppose -2*d + 6 = 0, -43 = -8*s + m*s - d. What is the units digit of s?
8
Let t = 2686 - 176. Suppose 0*j + t = 5*j. What is the units digit of j?
2
What is the tens digit of 5199 + (5 - 7) + (-5 - -1)?
9
Let v = -5840 + 20770. What is the hundreds digit of v?
9
Let j(w) = -205*w + 16771. What is the hundreds digit of j(0)?
7
Let f = 2231 + 11. Suppose 3*b - f = -4*l, -2*l = -b + 477 + 277. What is the units digit of b?
0
Suppose -12 = 6*g - 12*g. Let r(q) = -5*q + 8 - 3*q**2 - g + 3 - 2*q**2 - 2*q**3. What is the tens digit of r(-4)?
7
Suppose 1057343 = 134*i - 3433667. What is the ten thousands digit of i?
3
Let q be 12/6 - -2 - 1. Suppose -2*n - 3*l + 646 = 0, 0 = n - 0*n + q*l - 320. What is the tens digit of n?
2
Let k(l) = -l**3 - l**2 - l + 10131. Let p be k(0). What is the units digit of (2 + 12/(-9))/(22/p)?
7
Let j(c) = 123*c - 2520. What is the thousands digit of j(51)?
3
Let f(l) = l**3 + 13*l**2 - 13*l + 10. Let h be f(-14). Let x(t) = -38*t - 25. What is the tens digit of x(h)?
2
Let y = 42395 + -30061. What is the units digit of y?
4
Suppose 47*r + 493740 = 83*r. What is the tens digit of r?
1
Let j be 3956/(-129) + (-2)/(-6)*-1. Suppose -3*p - 21 = -0*p. Let r = p - j. What is the units digit of r?
4
Let l(g) = 2*g**2 + 11*g + 1. Suppose 3*n + 8 - 65 = 0. Suppose -80 = -9*v + n*v. What is the tens digit of l(v)?
4
What is the ten thousands digit of 67340/5 - (48 + -53)?
1
What is the tens digit of 4655*(26 + -6) + 15/3?
0
Suppose 891*l = 884*l + 69482. What is the thousands digit of l?
9
Suppose -c = 4*h - 22515, c + 22517 = 5*h - h. What is the hundreds digit of h?
6
Let n(w) = 3*w**2 - 2*w + 1. Let v(q) = q**2 - q. Let j(u) = n(u) - 2*v(u). Let b = 7 + -8. What is the units digit of j(b)?
2
Suppose -6505*x + 6489*x = -109552. What is the hundreds digit of x?
8
Let i = -24 + 55. Let x = -55 + i. What is the units digit of 564/(-2)*12/x?
1
Suppose 3*s - 5*z = 333, -200 = 2*s - 4*s - 4*z. Let m = 258 - s. What is the tens digit of m?
5
Suppose -299479 = -17*t + 322245. What is the units digit of t?
2
Suppose 2*w + 2 = 2*a, 2*w = -2*w - 4*a + 36. Suppose -n + w*n = -5*v + 1186, 15 = -5*n. What is the tens digit of v?
3
Let x = 462 - -5762. What is the units digit of x?
4
Suppose -47*i - 2774160 = -188*i + 1064424. What is the hundreds digit of i?
2
Let s(z) = z**3 - z**2 + 4*z - 3. Let a be s(2). Let i be (16 - 1)*(-4)/a*-3. Suppose 72 = 2*b - i. What is the tens digit of b?
4
Suppose 4*u = 22*u + 18*u. Suppose -11*z - 4*z + 12960 = u. What is the units digit of z?
4
Suppose -5*x = 2*l - 640, 3*l + 111 = x - 0*l. What is the tens digit of (881/(-3))/((-42)/x)?
8
Suppose 0 = -68*n + 101926 + 267042. What is the hundreds digit of n?
4
Let x(p) = -4*p + 324. Let u be 2/(-10) + 13797/(-365). What is the tens digit of x(u)?
7
Suppose 2*p + 4*g - 8740 = 0, 22*g - 25*g - 17414 = -4*p. What is the units digit of p?
8
Let n = 1063 - -4710. What is the thousands digit of (n/46)/((-1)/(-12))?
1
Suppose -4*s + 12 = 0, j = -j - 2*s - 74. What is the tens digit of 2 + (-3)/5 + (-6664)/j?
6
Let m be ((-7)/3)/((-10)/(-390)). Let w = -65 - m. What is the units digit of w?
6
Let d = 205950 - 126679. What is the tens digit of d?
7
Let d = -90 - -343. Let t = d - -65. What is the units digit of t?
8
Let u be (-1360)/(-12)*(-72)/15. What is the units digit of (-23)/(-5) + -5 + u/(-10)?
4
Let k(q) be the first derivative of -q**4 - q**2 + 8*q + 26. What is the hundreds digit of k(-4)?
2
Let n be -2*(-6)/(-12) - -5. Suppose n*w - 159 = -u, u - 77 = -2*w - 2*u. Suppose -445 = -w*b + 35*b. What is the units digit of b?
9
Suppose 2*g + 3*d = -7, 2*g + 28 = 4*d - 0. Let r(y) = y**2 - 17*y - 23. Let s be r(g). Let j = -111 + s. What is the units digit of j?
6
Let x(l) = 2*l - 32. Let k = -14 + 31. Let f be x(k). Suppose -3*n = w + f*w - 24, -3*w = 4*n - 29. What is the units digit of w?
3
Let m = 155 - 155. What is the units digit of (m - 870)/((-14)/3 + 4)?
5
Let r = 13 - 10. Let x(g) = 5*g**3 - 4*g**2 + 6*g**r - 12*g**3 + 15 + 5*g. What is the units digit of x(-5)?
5
Suppose 21*i = 6*i - 5895. Let p = i + 895. What is the tens digit of p?
0
What is the thousands digit of 21008 + (-22 - -17) - -1?
1
Suppose 4*d = 4*i - 9888, 9*i - 11150 = 5*d + 11082. What is the thousands digit of i?
2
Suppose 3416 = 2*r - 3*s, 0 = -4*r - 5*s + 8*s + 6844. What is the tens digit of r?
1
What is the tens digit of (-114)/(-3) + -21 - -26051?
6
Let l be (6212/(-8))/((-3)/6). Suppose -2134 = -4*s + 2*q, -46 = -3*s + q + l. What is the hundreds digit of s?
5
Suppose -4*j = -3*y - 5892, -3*j - 12*y = -15*y - 4416. Let k = j - 646. What is the units digit of k?
0
Suppose -14 = -u - 40. What is the units digit of (-3 + 0 + u)/(-1)?
9
Suppose 72*c - 74*c + a = -4*a - 21104, 0 = -3*a. What is the tens digit of c?
5
Let u(w) = 2949*w - w**3 - w**2 - 2931*w - w**2 + 0*w**3 + 14. What is the hundreds digit of u(-7)?
1
What is the units digit of 6/24 + (-210057)/(-12)?
5
What is the tens digit of (-1)/(3/(-22284))*(-114)/(-228)?
1
Suppose -573*a = -560*a + 8866. Let h = 2148 + a. What is the tens digit of h?
6
Suppose 4*o = -3*z + 19151, -19171 = -3*z + 42*o - 41*o. What is the hundreds digit of z?
3
Suppose 4*i - 178272 = 5*n, -4*i + 542*n + 178296 = 543*n. What is the thousands digit of i?
4
Suppose 7 = -v - 2*x, 4*x + 23 = 2*v - v. Suppose -85 = -v*m + 83. Let o = 175 - m. What is the units digit of o?
9
Suppose 21*r - 12381 - 73671 = -80*r. What is the hundreds digit of r?
8
Let f be 1/(-4) - (2 - (-17476)/(-16)). Let i = f + -264. Suppose d + 6*d - i = 0. What is the units digit of d?
8
Let g be (-34)/(-6) - (-3)/9. Suppose d - 3 = 0, 3*d - g*d = 3*o - 945. Suppose 138 = z - 2*y - 24, 0 = 2*z + 2*y - o. What is the units digit of z?
8
Let n(c) = -7*c - 53. Let k be n(2). Let o be ((-1284)/(-18))/((-1)/3). Let w = k - o. What is the hundreds digit of w?
1
Suppose 13*v + 4946 = 15866. Suppose -v = 7*o - 14*o. What is the units digit of o + 4/(-6)*(-6)/(-4)?
9
Let x = 2440 - -2538. Suppose -3*k - 4*v = -x, 16*v - 1663 = -k + 11*v. What is the hundreds digit of k?
6
Suppose -15077*y = -15108*y + 1234761. What is the units digit of y?
1
Let s(z) = z**3 + z**2 - 20*z + 4246. What is the hundreds digit of s(0)?
2
Suppose 5*q - 13 = 3*q - 3*t, 7 = 5*q - t. What is the hundreds digit of (-20)/70 + q/(-14)*-4356?
6
What is the hundreds digit of ((-1)/(-19) - (-5921)/25403) + 343082/7?
0
Let y be (-8)/(-4)*(8 - 2). Let c(u) = 47*u + 56. What is the hundreds digit of c(y)?
6
Let f = 7927 + -240. What is the units digit of f?
7
What is the tens digit of -2 + 0 - 360194/(-8) - 2/8?
2
Let h(m) be the third derivative of m**4/24 + 27*m**3/2 - 26*m**2. Suppose 23*j = 11*j. What is the units digit of h(j)?
1
Let l = -135 + 131. Let r(y) = -56*y - 22. What is the units digit of r(l)?
2
Suppose 0 = -6*q - 248 - 1738. Let x = -217 - q. Suppose -2*n = -64 - x. What is the units digit of n?
9
Suppose -13*b + 15294 = -32715. Let r = b + -2326. What is the hundreds digit of r?
3
Suppose -6*x + 8*x = 9*x - 45983. What is the hundreds digit of x?
5
Suppose 10*u - 46*u = 13680. Let x = 305 - u. What is the hundreds digit of x?
6
Suppose -4*i + 144420 = 4*i + 7*i. What is the units digit of i?
8
Suppose -12*u - 35 = -47. What is the hundreds digit of (-1*751 + u)*(-300)/375?
6
Let n = -79 + 167. Suppose -2*m - 25 = -5*b, 3*b + 237*m - 4 = 236*m. Suppose -b*c + 160 = -4*r, -2*r + n = 6*c - 4*c. What is the tens digit of c?
4
Let v = 142 - 272. Let r = v + 266. Let y = r + -41. What is the units digit of y?
5
Suppose 0 = -7*a + 9*a - 6. What is the units digit of 7/((-28)/a)*(-823 + -1)?
8
Let o = 276 + -274. What is the units digit of 104*o/(-24)*-9?
8
Let s be (-5 - (4 - 